
Let y(m) = 157823*m + 3472109. What is y(-22)?
3
Let g(z) = z**3 + 26*z**2 - 95*z - 2028. What is g(-28)?
-936
Let z(q) = -9181*q + 45508. Calculate z(5).
-397
Let u(k) = 9*k**2 - 113*k + 904. Give u(9).
616
Let z(b) = -3497*b + 21045. Determine z(6).
63
Let p(r) = -2*r**3 - 1008*r**2 + 8192*r + 5. Determine p(8).
5
Let w(j) = 6103*j + 6110. What is w(-1)?
7
Let q(o) = -79*o**3 + 56*o**2 + 20*o - 1. Determine q(1).
-4
Let v(n) = -74*n**3 + 6*n**2 + 69*n - 225. Give v(3).
-1962
Let p(z) = -3*z**2 + 14*z - 296. What is p(3)?
-281
Let p(n) = 6*n**2 - 121*n + 512. Determine p(6).
2
Let k(u) = u**2 - 45*u - 278. Determine k(54).
208
Let o(y) = -2*y**3 + 7*y**2 + 110*y - 1535. Determine o(-10).
65
Let a(l) = 19*l**2 - 7*l + 23. Calculate a(-6).
749
Let n(b) = -3*b**3 - 32*b**2 + 209*b + 21. What is n(-16)?
773
Let o(x) = x**3 - 236*x**2 + 7833*x + 1327. Calculate o(196).
-45
Let r(b) = 13839*b - 5. What is r(0)?
-5
Let l(h) = h**2 + 10352*h + 2060252. What is l(-203)?
5
Let x(c) = -726*c + 288752. What is x(398)?
-196
Let z(m) = -3*m**3 + 22*m**2 - 58*m - 289. Calculate z(6).
-493
Let t(x) = -738*x + 86721. Calculate t(118).
-363
Let y(w) = 2*w**2 - 232*w - 5278. Determine y(-22).
794
Let n(v) = -1208*v + 15702. Calculate n(13).
-2
Let r(q) = -3*q**2 + 1537*q - 31860. Calculate r(22).
502
Let f(m) = -m**3 - 7*m**2 + 25*m + 61. Give f(-4).
-87
Let m(n) = 5*n**3 - 15*n**2 + 376*n - 1887. Calculate m(5).
243
Let j(y) = -y**3 + 19*y**2 - 136*y + 626. Calculate j(15).
-514
Let r(c) = -17*c - 200. Calculate r(-179).
2843
Let d(f) = 44*f + 11030. Give d(-251).
-14
Let m(r) = -2*r**2 - 55715*r + 111430. Determine m(2).
-8
Let z(x) = -524*x + 18012. Calculate z(35).
-328
Let z(c) = -c**2 - 2533*c + 69116. What is z(27)?
-4
Let j(p) = 566*p**2 + 2277*p + 32. Give j(-4).
-20
Let r(c) = -4*c**3 - 35*c**2 - 120*c - 374. Determine r(-7).
123
Let z(p) = p**3 + 121*p**2 + 106*p - 29356. Give z(-118).
-92
Let j(q) = 1829*q**2 + 5439*q - 4. Calculate j(-3).
140
Let i(r) = r**3 - 120*r**2 + 2449*r - 68. Determine i(26).
62
Let i(v) = -5*v**3 + 21*v**2 + 19*v - 122. Give i(6).
-332
Let l(h) = h**3 - 393*h**2 + 14134*h - 556. Give l(40).
4
Let t(j) = -2*j**3 + 1038*j**2 - 994*j - 21467. Calculate t(518).
289
Let y(f) = 3*f**3 - 43*f**2 - 37*f + 285. Determine y(14).
-429
Let o(d) = 435*d + 7253. What is o(-14)?
1163
Let v(g) = -1407*g + 32880. Give v(24).
-888
Let x(l) = 3*l**3 - 413*l**2 + 139*l + 18539. Give x(137).
44
Let v(r) = 4*r**3 + 122*r**2 - 34*r - 620. Calculate v(-30).
2200
Let b(w) = 4011*w + 228790. Calculate b(-57).
163
Let s(q) = -165039*q + 825206. Determine s(5).
11
Let b(q) = -7*q**2 + 206*q + 275. Calculate b(29).
362
Let h(p) = -p**2 + 304*p - 23152. Determine h(114).
-1492
Let k(l) = -17*l**2 - 8*l + 287. Calculate k(0).
287
Let a(q) = -3*q**3 - 216*q**2 + 646*q + 24. What is a(3)?
-63
Let b(g) = -g**3 - 929*g**2 + 19995*g + 42734. Determine b(-950).
-16
Let c(p) = 7675*p - 1389183. Determine c(181).
-8
Let x(l) = 1656*l + 236798. What is x(-143)?
-10
Let w(n) = 9*n**3 - 216*n**2 + 887*n - 8. Give w(4).
660
Let y(i) = -8485*i + 84506. What is y(10)?
-344
Let i(j) = 4618*j + 411052. Calculate i(-89).
50
Let c(x) = 20481*x - 286734. Calculate c(14).
0
Let y(o) = 4*o**3 + 2022*o**2 - 9223*o - 21928. Calculate y(-510).
2
Let k(g) = 156*g**3 - 2026*g**2 - 34*g + 82. Calculate k(13).
-22
Let i(c) = -10852*c + 10938. Determine i(1).
86
Let g(o) = 285*o**2 + 17267*o + 26686. Calculate g(-59).
18
Let s(p) = 3*p**2 - 248*p + 439. Determine s(81).
34
Let b(c) = 12397*c + 632264. Determine b(-51).
17
Let j(d) = 3*d**3 + 175*d**2 - 701*d - 43958. What is j(-58)?
64
Let o(y) = -y**3 + 39*y**2 - 177*y - 89. Determine o(11).
1352
Let t(x) = -82*x**2 + 31302*x + 8409. What is t(382)?
5
Let t(j) = -2*j**3 + 4*j**2 - 377*j - 1200. Calculate t(-3).
21
Let a(j) = -j**3 - 54*j**2 - 725*j + 36. Determine a(-25).
36
Let l(a) = 27*a**2 - 216*a - 162. Give l(9).
81
Let y(i) = -i**2 + 726*i - 4358. Give y(6).
-38
Let w(x) = -x**3 - 18*x**2 + 1070*x + 532. What is w(-43)?
747
Let u(s) = 1113*s + 63799. Determine u(-57).
358
Let o(n) = -52*n**2 + 2120*n + 189. What is o(41)?
-303
Let t(u) = -10908*u - 4199567. Give t(-385).
13
Let o(z) = -z**3 + 166*z**2 - 762*z + 44345. Calculate o(163).
-154
Let a(o) = 1975*o + 51328. What is a(-26)?
-22
Let m(x) = 3393*x - 12682. Calculate m(4).
890
Let u(t) = -t**3 + 16*t**2 + 250*t - 1899. What is u(6)?
-39
Let t(o) = -14*o**2 - 2069*o - 1151. Give t(-145).
4504
Let k(x) = -25*x + 789. Give k(-3).
864
Let y(n) = -6*n**2 + 277*n - 3025. Give y(18).
17
Let m(s) = 328*s**2 + 3172*s + 6134. Calculate m(-7).
2
Let y(d) = -3*d**3 + 1296*d**2 + 5208*d + 10465. Determine y(436).
1
Let m(z) = -z**3 + 13*z**2 + 1499*z - 390. Give m(-33).
237
Let i(d) = 544402*d + 2722054. Calculate i(-5).
44
Let x(c) = -1911*c + 455528. Determine x(238).
710
Let c(g) = 2357*g**2 + 577464*g - 237. Calculate c(-245).
8
Let y(c) = -c**3 + 116*c**2 + 5284*c + 205. Determine y(151).
54
Let d(o) = -o**3 - 73*o**2 + 44673*o + 890. Determine d(178).
0
Let x(u) = -u**3 + 52*u**2 + 2287*u + 1322. Give x(-28).
6
Let i(k) = 4*k**3 + 115*k**2 + 348*k + 60. Give i(-3).
-57
Let q(s) = 1915*s**2 + 1967*s + 6. Determine q(-1).
-46
Let k(i) = -37*i**2 - 29*i - 130. Determine k(-8).
-2266
Let g(n) = 3088440*n - 37061277. Calculate g(12).
3
Let x(m) = 265*m - 47111. What is x(167)?
-2856
Let m(x) = -x**3 - 4*x**2 + 5066*x + 54824. What is m(-11)?
-55
Let d(j) = 17*j**3 + j**2 + 453*j + 454. Determine d(-1).
-15
Let c(f) = 51*f**2 - 1089*f - 1083. Determine c(-1).
57
Let d(l) = -3084*l - 47133. Calculate d(-15).
-873
Let g(r) = r**3 + 517*r**2 - 2089*r + 31. Determine g(4).
11
Let n(v) = 1173*v - 23520. What is n(20)?
-60
Let o(b) = 11028*b + 849168. Determine o(-77).
12
Let i(v) = -1236*v - 264473. Calculate i(-214).
31
Let v(h) = 11*h**2 + 450*h - 4358. Determine v(-49).
3
Let g(f) = f**2 - 66917*f + 267698. What is g(4)?
46
Let h(q) = -q**3 + 582*q**2 + 981*q - 907508. Give h(581).
14
Let u(k) = 41089*k - 534125. Calculate u(13).
32
Let l(g) = 179*g**2 + 16646*g - 70. Give l(-93).
23
Let u(x) = -3103*x - 260642. Give u(-84).
10
Let o(s) = s**3 - 971*s**2 + 133*s - 129210. What is o(971)?
-67
Let y(l) = l**3 - 12*l**2 - 52950*l + 476727. Calculate y(9).
-66
Let y(v) = -28883*v + 173292. What is y(6)?
-6
Let y(r) = 333*r - 314362. Determine y(944).
-10
Let j(o) = 4*o**3 + 473*o**2 + 114*o - 430. Give j(-118).
42
Let c(t) = t**3 + 394*t**2 + 594*t - 74504. Give c(-392).
-24
Let x(w) = -4109*w - 4054. Determine x(-1).
55
Let n(k) = -k**2 + 1182*k + 27810. Determine n(-23).
95
Let n(s) = s**3 + 20*s**2 - 5819*s + 37167. Determine n(63).
-3
Let o(g) = 154*g - 627. Give o(6).
297
Let u(b) = 22*b**2 - 905*b - 7417. Determine u(-7).
-4
Let p(q) = -q**2 + 1132*q - 6760. What is p(6)?
-4
Let w(x) = 360*x**2 + 2892*x + 15. Determine w(-8).
-81
Let j(b) = 5*b**2 - 69*b + 185. Calculate j(12).
77
Let f(h) = -h**3 + 5*h**2 + 153*h - 406. Calculate f(13).
231
Let l(p) = -218*p**3 - 2*p**2 + 6574*p + 13147. Give l(-2).
1735
Let g(h) = h**2 - 22224*h - 556218. Determine g(-25).
7
Let u(j) = -13795*j - 1324187. What is u(-96)?
133
Let l(n) = 160*n**3 - 2561*n**2 + 23*n + 51. Calculate l(16).
163
Let m(s) = -122847*s - 8476444. Give m(-69).
-1
Let p(c) = 1488*c + 171577. Calculate p(-115).
457
Let s(q) = 8286*q - 480274. Calculate s(58).
314
Let h(u) = 10*u**2 + 7202*u - 5801. Give h(-721).
-33
Let w(l) = -31*l - 568. Determine w(-5).
-413
Let y(i) = -4*i**3 - 16*i**2 + 357*i + 2409. Determine y(-7).
498
Let i(f) = 15*f**3 + 167*f**2 + 205*f + 2025. Determine i(-11).
12
Let z(o) = 5585*o - 167538. What is z(30)?
12
Let r(w) = -236*w - 1950. Determine r(-8).
-62
Let f(m) = 27*m**3 - 437*m**2 + 498*m - 68. Determine f(1).
20
Let v(x) = -13*x**2 + 227*x - 649. What is v(3)?
-85
Let m(l) = 7*l**3 - 5*l**2 + 102*l - 1138. Determine m(8).
2942
Let v(z) = 4*z**3 - 54*z**2 - 131*z + 1856. Calculate v(13).
-185
Let i(r) = -r**2 - r + 482. Give i(-25).
-118
Let h(s) = -s**3 - 30*s**2 + 549*s + 33. What is h(-43)?
463
Let s(z) = z**3 - 161*z**2 - 6624*z - 1166. Give s(195).
4
Let x(k) = k**3 - 96*k**2 + 784*k - 75054. Determine x(96).
210
Let p(v) = -3*v**3 + 1357*v**2 - 1811*v + 3155. Give p(451).
-2
Let r